{"id":2113,"date":"2022-11-01T23:40:23","date_gmt":"2022-11-01T23:40:23","guid":{"rendered":"http:\/\/themedemos.webmandesign.eu\/modern\/?page_id=15"},"modified":"2022-11-03T21:55:01","modified_gmt":"2022-11-03T21:55:01","slug":"home","status":"publish","type":"page","link":"https:\/\/elpacientedigital.com\/","title":{"rendered":"Bienvenido\/a a la web El Paciente Digital"},"content":{"rendered":"<p class=\"h3\">El Paciente Digital es una iniciativa innovadora que busca empoderar al paciente mediante las m\u00e1s avanzadas tecnolog\u00edas digitales. La utilizaci\u00f3n de agentes conversacionales inteligentes es una de las aplicaciones m\u00e1s revolucionarias en salud digital. Estamos a las puertas de un nuevo paradigma sanitario en el cual el paciente es el centro del sistema. Esta web pretende ser mi modesta aportaci\u00f3n al cambio.<\/p>\n<hr \/>\n<h2 style=\"text-align: center;\">Contacta conmigo!<\/h2>\n<p style=\"text-align: center;\">Si est\u00e1s interesado en integrar un agente<\/p>\n<p style=\"text-align: center;\">conversacional en tu sitio puedes contactar conmigo &#8230;<\/p>\n<p style=\"text-align: center;\"><a class=\"button\" href=\"mailto:elpacientedigital@gmail.com\">Quiero contactar \u2192<\/a><\/p>\n","protected":false},"excerpt":{"rendered":"<div class=\"entry-summary\">\nEl Paciente Digital es una iniciativa innovadora que busca empoderar al paciente mediante las m\u00e1s avanzadas tecnolog\u00edas digitales. La utilizaci\u00f3n&hellip;\n<\/div>\n<div class=\"link-more\"><a href=\"https:\/\/elpacientedigital.com\/\" class=\"more-link\">Continuar leyendo<span class=\"screen-reader-text\"> &ldquo;Bienvenido\/a a la web El Paciente Digital&rdquo;<\/span>&hellip;<\/a><\/div>\n","protected":false},"author":1,"featured_media":2246,"parent":0,"menu_order":0,"comment_status":"closed","ping_status":"closed","template":"page-template\/_front.php","meta":{"_monsterinsights_skip_tracking":false,"_monsterinsights_sitenote_active":false,"_monsterinsights_sitenote_note":"","_monsterinsights_sitenote_category":0,"footnotes":""},"class_list":["post-2113","page","type-page","status-publish","has-post-thumbnail","hentry","entry","is-featured"],"acf":[],"aioseo_notices":[],"_links":{"self":[{"href":"https:\/\/elpacientedigital.com\/index.php\/wp-json\/wp\/v2\/pages\/2113","targetHints":{"allow":["GET"]}}],"collection":[{"href":"https:\/\/elpacientedigital.com\/index.php\/wp-json\/wp\/v2\/pages"}],"about":[{"href":"https:\/\/elpacientedigital.com\/index.php\/wp-json\/wp\/v2\/types\/page"}],"author":[{"embeddable":true,"href":"https:\/\/elpacientedigital.com\/index.php\/wp-json\/wp\/v2\/users\/1"}],"replies":[{"embeddable":true,"href":"https:\/\/elpacientedigital.com\/index.php\/wp-json\/wp\/v2\/comments?post=2113"}],"version-history":[{"count":7,"href":"https:\/\/elpacientedigital.com\/index.php\/wp-json\/wp\/v2\/pages\/2113\/revisions"}],"predecessor-version":[{"id":2304,"href":"https:\/\/elpacientedigital.com\/index.php\/wp-json\/wp\/v2\/pages\/2113\/revisions\/2304"}],"wp:featuredmedia":[{"embeddable":true,"href":"https:\/\/elpacientedigital.com\/index.php\/wp-json\/wp\/v2\/media\/2246"}],"wp:attachment":[{"href":"https:\/\/elpacientedigital.com\/index.php\/wp-json\/wp\/v2\/media?parent=2113"}],"curies":[{"name":"wp","href":"https:\/\/api.w.org\/{rel}","templated":true}]}}